 and b?
27
Suppose -2*n - 2*f + 4*f = -176, 5*f + 349 = 4*n. Let x = -39026 + 39054. Calculate the greatest common divisor of n and x.
7
Let q(l) = -190*l - 2232. Let z be q(-41). What is the greatest common divisor of 28 and z?
14
Suppose 0 = -3*h - 4*p + 117, -h = 3*p + 2 - 46. Let v = -57 + h. Let a be 231/v*1/(3/(-20)). What is the greatest common factor of 28 and a?
14
Suppose 11626 - 2455 = 9*i. Suppose 5*d - i = -8*n + 4*n, n + 1014 = 5*d. What is the greatest common divisor of d and 7?
7
Let w be 374/(-12) + 11/66. Let z = w - -71. What is the highest common divisor of z and 40?
40
Suppose -38*c + 567 - 529 = 0. Calculate the greatest common divisor of c and 223.
1
Suppose -1006 = -d - 143*j + 145*j, 2 = j. What is the highest common divisor of d and 20?
10
Suppose -450*s + 60 = -447*s. Calculate the greatest common factor of 65 and s.
5
Suppose 15977*t - 15973*t - 52 = 0. Let h = 17 + -14. What is the highest common factor of t and h?
1
Suppose -z = -3*q + 17, -4*z - 8 = 3*q - 0*q. Suppose q*x + 423 = 455. Suppose 4*v = 2*v + 40. What is the greatest common factor of v and x?
4
Let i = -17914 - -18033. What is the greatest common divisor of 1088 and i?
17
Suppose -4*l = -t + 48, 4*t - 70*l = -65*l + 258. Calculate the highest common factor of 2043 and t.
9
Let h be 2610/70 - (-6)/(-21). Let u = 41 - h. Suppose 0 = u*r - 16 + 4. What is the greatest common factor of r and 3?
3
Let g(u) = u**2 + 29*u + 389. Let r be g(-27). Calculate the highest common divisor of 134 and r.
67
Let v(h) = 55*h + 381. Let t be v(-7). Let x be ((-4)/8)/(t/136). What is the greatest common factor of 153 and x?
17
Let a = -1522 + 2204. Let g be (a - 7 - 0)/1. Calculate the highest common factor of 25 and g.
25
Suppose c - 23 = -11. Calculate the highest common factor of 3558 and c.
6
Let i be (1924/(-16))/(5/(-20)). Calculate the greatest common divisor of 222 and i.
37
Let a = 45252 - 45248. What is the highest common divisor of 5324 and a?
4
Let u be (21/(-6))/(2/(-132)). Let v(h) = h + 1. Let t(b) = 4*b + 64. Let z(j) = -t(j) - 5*v(j). Let n be z(-10). What is the highest common factor of u and n?
21
Suppose 3*o - 818 = -2*j, 185*j + 3*o = 186*j - 400. What is the greatest common factor of j and 319?
29
Let h(u) be the second derivative of -22*u + 0 + 5/6*u**3 - 3*u**2. Let t be h(6). Calculate the highest common factor of 12 and t.
12
Let c(q) = 25*q**2 + 89*q + 190. Let l be c(-2). Calculate the highest common divisor of l and 2352.
112
Let y = -378 + 634. Suppose -y = -4*s + 12*s. Let x = -1 - s. What is the highest common divisor of 341 and x?
31
Let s = 2361 + -1551. Suppose -92*d = -77*d - s. Calculate the highest common factor of 189 and d.
27
Suppose -274*n + 139*n = -145*n + 2850. Calculate the greatest common factor of 171 and n.
57
Let u(h) = 587*h**2 - 22*h + 30. Let g be u(2). What is the highest common divisor of 6 and g?
6
Let v(p) = -p**2 - 7*p + 7. Let g be v(-7). Suppose -g*z = -2*z - 150. Suppose -z = -b - 17. Calculate the greatest common factor of b and 13.
13
Suppose 3299 = 2*c + 5*v - 9980, 0 = 4*c + 2*v - 26566. Calculate the highest common factor of c and 1230.
246
Let i = -17262 + 27840. What is the highest common divisor of i and 258?
258
Let b be -1 - (-1 + 2)*-5. Suppose v - 2*d + 0 + 1 = 0, -b*v - 2*d = -16. Suppose 0 = p - 11 - v. Calculate the highest common divisor of 42 and p.
14
Suppose 8*h = v + 4*h + 3, -h = -3*v + 2. Let f be v/(-4) - (-38)/24*57. Calculate the greatest common factor of 60 and f.
30
Let m(n) = 10*n**2 + 6*n + 11. Let k(p) = 9*p**2 + 3*p + 10. Let t(z) = 7*k(z) - 6*m(z). Let y be t(5). Calculate the highest common factor of 616 and y.
4
Let s(r) be the first derivative of r**3/3 + 9*r**2 + 27*r + 7. Suppose 37 = -14*v - 201. Let l be s(v). What is the greatest common divisor of l and 50?
10
Suppose -5*y = 20, -3*p - 11*y + 2667 = -14*y. Calculate the highest common factor of p and 236.
59
Suppose -81*p - 204 + 1745 = -1537. Suppose 3*f - 7*f = -304. What is the highest common factor of p and f?
38
Let v be 21 - 1 - (1 - 0). Let z be (15075/24)/3 + -14 + 2071/152. What is the greatest common factor of z and v?
19
Let j = -10130 - -15956. What is the highest common factor of 6 and j?
6
Suppose 2*x - 37 = -3*y, 4*y - 54 - 7 = -5*x. Calculate the highest common divisor of 1251 and y.
9
Let b = 218 - 175. Suppose -b = -w + 5*h, -10 = 3*w - 4*h - 117. What is the highest common divisor of w and 44?
11
Let w = 2648 - 2600. Suppose -6*m = -5 - 211. What is the highest common factor of w and m?
12
Let r be 44/22*(3 - 1 - -1). Suppose r*t - 33 = 27. What is the greatest common divisor of 130 and t?
10
Let w be 1 + 3 - (3 - (54 - 3)). Suppose 3*p - w = -p. Calculate the highest common divisor of 143 and p.
13
Suppose -2*g + 76 = -284. Let n be (8/6)/(368/g - 2). Let w be (-60)/(-5)*140/8. What is the greatest common factor of n and w?
30
Let l = 13651 - 13537. Calculate the highest common factor of 4978 and l.
38
Let i = 19358 - 7326. What is the greatest common divisor of 47 and i?
47
Let k = 13298 + -12291. What is the greatest common factor of 159 and k?
53
Suppose -6*a = -22*a. Suppose a = -4*s + 27 + 93. Calculate the greatest common factor of s and 15.
15
Suppose -2*t + 3*x = -125, 16*t = 17*t - 5*x - 73. Suppose 0 = -y + 6*y - 1305. Calculate the greatest common divisor of y and t.
29
Let z be (-3)/(-5) - 1 - (-3 - (-55242)/(-55)). Calculate the highest common factor of z and 38.
19
Let i = 168 - 73. Let c = -1043 + 1051. Suppose 5*g = -q + 34, 5*q - g - c - 84 = 0. What is the greatest common factor of i and q?
19
Let w = -15019 - -15110. Calculate the highest common factor of 196 and w.
7
Suppose -102*p = -105*p + 390. Let h(n) = n**3 + 8*n**2 + 5*n + 2. Let f be h(-5). Calculate the highest common factor of f and p.
26
Suppose -3*y + 3*r = -210, 110*y = 114*y - 2*r - 274. Calculate the highest common divisor of 2144 and y.
67
Let u = 8477 + -8288. Calculate the greatest common divisor of 525 and u.
21
Suppose 2*q - 3*q = 4*q. Let w be q + -5 + 64/4. Suppose -5*i + i + 44 = 0. Calculate the highest common divisor of w and i.
11
Suppose -5*t - 15 = 0, -1356 = -5*z + 13*t - 16*t. Calculate the highest common factor of 378 and z.
21
Let r = 6371 + -6370. What is the highest common factor of 429 and r?
1
Let j(p) = 357*p**3 + 14*p**2 - 15*p + 1. Let c be j(1). What is the highest common factor of c and 1869?
21
Let h(q) = -150*q + 804. Let k be h(5). Calculate the highest common factor of 837 and k.
27
Let d = -2773 - -2813. Suppose 0 = -4*i - 3*t + 365, -2*i - 90 = -3*i - 2*t. Let y = 8 + i. What is the greatest common factor of y and d?
20
Let w be ((-676)/5)/((-429)/2145). Calculate the greatest common divisor of 1612 and w.
52
Suppose 4*p - 29 = -21, 5*o - 5*p = 270. Calculate the highest common divisor of o and 700.
28
Suppose -4*s + 5*s - 3 = 0. Suppose -s*b = -10*b + 777. Let f = -83 + b. Calculate the greatest common divisor of 168 and f.
28
Suppose 4*j - 389 + 397 = 0, -a - j = -858. Suppose -2*p + 49 = -3*q, -2*p - 3*q = 2*q - 25. What is the greatest common factor of p and a?
20
Let g = 118 + -113. Suppose -2*r = 3*n - 113, g*n = n - 2*r + 154. Let l be (-11)/(-2)*82*1. Calculate the greatest common divisor of l and n.
41
Suppose 23 + 67 = 5*b. Suppose 2943 = 28*l - 585. What is the greatest common divisor of l and b?
18
Suppose 4*a + 19*z - 7318 = 14*z, a = 5*z + 1817. Calculate the highest common factor of a and 14.
7
Let b(p) be the third derivative of p**5/5 + 19*p**4/24 - 19*p**3/3 - 125*p**2. Let v be b(2). What is the greatest common factor of v and 112?
16
Let p be (-50)/((-21)/9*(-4)/(-14)). Suppose p*j = 70*j + 15. What is the greatest common divisor of 9 and j?
3
Suppose -219 - 197 = -4*f - 4*u, f - 5*u = 80. Calculate the highest common divisor of 2450 and f.
50
Let c = 552 - 480. Let q be ((-3)/(-2))/(13/26). Suppose -4*a = q*l - 102, 0*a = -4*a - 5*l + 106. What is the greatest common divisor of a and c?
24
Let l(t) = -t**3 - 7*t**2 - 14*t + 10. Let h be l(-7). Suppose 0*y - h = -9*y. Let n = y - -12. What is the greatest common factor of 48 and n?
24
Let m(u) = 104*u + 3691. Let c be m(-35). What is the greatest common divisor of c and 55641?
51
Suppose 0 = 2*j - 3*j + 135. Sup